781622?
True
Is 9026428 a multiple of 448?
False
Is 56956500 a multiple of 375?
True
Does 552 divide 323568048?
True
Does 20 divide 450024380?
True
Is 8 a factor of 78582545?
False
Is 28 a factor of 10197236?
True
Is 15205027 a multiple of 327?
False
Is 17064109 a multiple of 187?
False
Is 11 a factor of 114911279?
False
Is 15837382 a multiple of 211?
False
Does 7 divide 39707773?
True
Is 378162866 a multiple of 74?
True
Is 378849653 a multiple of 3?
False
Is 568311648 a multiple of 808?
True
Does 36 divide 78908344?
False
Does 6141 divide 1032744252?
True
Does 47 divide 140504620?
True
Does 7 divide 90785198?
True
Is 228845920 a multiple of 32?
True
Does 11 divide 149322932?
True
Does 97 divide 250774585?
True
Does 20 divide 64577280?
True
Does 50 divide 162359363?
False
Is 130705640 a multiple of 260?
True
Is 2640698645 a multiple of 11?
False
Is 581 a factor of 685619332?
False
Does 3799 divide 501794714?
True
Is 9308956 a multiple of 3?
False
Is 930 a factor of 129638823?
False
Is 258363378 a multiple of 1899?
False
Is 512 a factor of 77633265?
False
Is 145139652 a multiple of 34?
False
Is 71 a factor of 380063833?
False
Is 32254000 a multiple of 250?
True
Is 30 a factor of 35171160?
True
Is 1804037260 a multiple of 569?
True
Is 7 a factor of 22330952?
True
Does 123 divide 262413815?
False
Is 175889759 a multiple of 331?
True
Is 27 a factor of 28783347?
False
Does 20 divide 1230690926?
False
Does 2081 divide 9053768?
False
Is 424393272 a multiple of 36?
True
Is 39 a factor of 98245896?
False
Does 67 divide 62665266?
False
Is 30153487 a multiple of 169?
True
Is 377 a factor of 455482729?
True
Is 4635 a factor of 3489037965?
True
Does 53 divide 685612876?
True
Is 7 a factor of 42879039?
True
Does 25 divide 1039537?
False
Is 327 a factor of 665822685?
True
Is 135 a factor of 23091615?
True
Is 25 a factor of 1222099400?
True
Is 962018289 a multiple of 243?
True
Does 262 divide 866607098?
False
Is 871780808 a multiple of 105?
False
Is 487 a factor of 230300860?
False
Is 122 a factor of 313635526?
True
Is 18 a factor of 26217287?
False
Is 400266563 a multiple of 1755?
False
Does 60 divide 11613552?
False
Does 35 divide 103497625?
True
Is 110 a factor of 136660150?
True
Is 1961 a factor of 94751629?
False
Is 3 a factor of 25994796?
True
Is 142 a factor of 8814297?
False
Does 129 divide 57948606?
True
Is 571188865 a multiple of 949?
True
Is 104 a factor of 51657706?
False
Is 1334349152 a multiple of 910?
False
Is 4158208 a multiple of 4?
True
Is 2047108661 a multiple of 1261?
True
Is 2240 a factor of 45639459?
False
Is 1834 a factor of 37435608?
True
Is 2 a factor of 536039690?
True
Is 3149770338 a multiple of 18?
True
Is 978010 a multiple of 523?
True
Does 23 divide 379232349?
True
Is 12 a factor of 282525399?
False
Is 25 a factor of 123257050?
True
Is 361 a factor of 32076632?
False
Is 18087935 a multiple of 5?
True
Is 14883293 a multiple of 673?
False
Does 13 divide 2633040365?
False
Does 12 divide 483344616?
True
Is 3719093906 a multiple of 4040?
False
Is 76635928 a multiple of 10?
False
Does 258 divide 17887656?
True
Does 17 divide 11966980?
True
Is 376390488 a multiple of 3628?
True
Does 21 divide 1512727780?
False
Is 69909284 a multiple of 83?
False
Does 81 divide 178826015?
False
Does 2205 divide 26113815?
True
Does 239 divide 31014472?
False
Does 831 divide 658954681?
False
Is 54 a factor of 447932171?
False
Is 111854033 a multiple of 20?
False
Does 133 divide 29492617?
True
Does 591 divide 281873904?
True
Does 265 divide 81485380?
True
Is 1292 a factor of 397885638?
False
Is 3836188 a multiple of 4?
True
Is 5609652 a multiple of 41?
False
Is 2944138 a multiple of 667?
True
Does 597 divide 2385455895?
False
Does 2670 divide 603938953?
False
Is 433595916 a multiple of 20?
False
Is 167999525 a multiple of 17?
True
Does 897 divide 1163234533?
False
Does 308 divide 11394460?
True
Does 30 divide 115361300?
False
Is 8 a factor of 29192760?
True
Is 78977808 a multiple of 1092?
True
Is 2311 a factor of 295008394?
True
Is 46953728 a multiple of 122?
False
Is 90 a factor of 51100470?
True
Does 27 divide 37455453?
True
Is 12088944 a multiple of 42?
True
Is 86 a factor of 486089632?
False
Is 573 a factor of 200057025?
False
Is 1888 a factor of 1305272576?
True
Does 6 divide 49723001?
False
Is 79 a factor of 3312881827?
True
Is 148497120 a multiple of 9?
True
Is 278 a factor of 12860280?
True
Is 273103980 a multiple of 51?
True
Is 458 a factor of 2238291378?
False
Is 20516740 a multiple of 1004?
True
Does 38 divide 68420453?
False
Is 86 a factor of 4480517956?
True
Does 3008 divide 135043575?
False
Is 1764711720 a multiple of 8392?
True
Does 135 divide 2118731100?
False
Is 8 a factor of 29821919?
False
Does 240 divide 5188320?
True
Is 54 a factor of 25428492?
True
Does 12 divide 935934616?
False
Is 18109561 a multiple of 24?
False
Does 40 divide 572927800?
True
Is 39691587 a multiple of 327?
True
Is 290309610 a multiple of 6?
True
Is 613140060 a multiple of 156?
True
Is 3858 a factor of 60146214?
False
Is 24379049 a multiple of 109?
True
Does 285 divide 17744670?
True
Is 162174401 a multiple of 238?
False
Is 254838055 a multiple of 94?
False
Is 376 a factor of 168531515?
False
Does 37 divide 229546502?
False
Does 12 divide 284881824?
True
Is 26336346 a multiple of 90?
False
Does 2062 divide 1289861418?
True
Does 14 divide 812958304?
False
Is 145143711 a multiple of 999?
True
Does 136 divide 8403408?
False
Is 7303264 a multiple of 4401?
False
Is 446440610 a multiple of 1298?
True
Is 1903341330 a multiple of 198?
True
Is 808530828 a multiple of 7?
True
Is 30231680 a multiple of 16?
True
Does 17 divide 8098283?
False
Does 1438 divide 226043534?
True
Is 10359293 a multiple of 19?
False
Is 15293711 a multiple of 65?
False
Is 151 a factor of 26621712?
False
Is 1852 a factor of 87636640?
True
Does 296 divide 4878526475?
False
Does 70 divide 56511993?
False
Does 70 divide 86910374?
False
Does 244 divide 203637626?
False
Does 1846 divide 260364378?
False
Is 46194588 a multiple of 558?
True
Does 327 divide 7686462?
True
Is 205275137 a multiple of 347?
True
Does 517 divide 1567761569?
False
Does 216 divide 40374288?
True
Is 29 a factor of 30426452?
True
Is 2046863394 a multiple of 5571?
True
Does 187 divide 112283519?
False
Is 94 a factor of 220207502?
True
Is 12 a factor of 53414808?
True
Is 49 a factor of 18241671?
True
Does 35 divide 1298364871?
False
Is 8 a factor of 5849249?
False
Is 8 a factor of 849710257?
False
Is 602241593 a multiple of 307?
True
Is 771 a factor of 7901208?
True
Is 150 a factor of 717732758?
False
Is 13 a factor of 79623193?
True
Is 1174716 a multiple of 108?
True
Does 102 divide 562993519?
False
Does 5 divide 1114180691?
False
Does 133 divide 14859328?
False
Is 5089249 a multiple of 188?
False
Does 6586 divide 5036784154?
False
Does 51 divide 3333870?
True
Is 62518362 a multiple of 271?
False
Is 38682896 a multiple of 7?
True
Does 16 divide 6263398160?
True
Is 302 a factor of 20482958?
False
Is 8 a factor of 6962179?
False
Does 124 divide 18108087?
False
Does 595 divide 4861150?
True
Is 51191148 a multiple of 160?
False
Does 12 divide 13922544?
True
Is 72700343 a multiple of 44?
False
Is 535171402 a multiple of 48?
False
Is 6 a factor of 1549600986?
True
Does 4666 divide 1651045436?
True
Does 36 divide 2227092?
False
Is 22 a factor of 1012683113?
False
Is 1422923947 a multiple of 801?
False
Does 16087 divide 2693385829?
False
Is 91 a factor of 550212406?
False
Is 1130007753 a multiple of 966?
False
Is 18 a factor of 87047362?
False
Is 29582990 a multiple of 20?
False
Is 6 a factor of 10616154?
True
Is 36 a factor of 160498424?
False
Is 1571544 a multiple of 36?
True
Is 1301 a factor of 845636990?
True
Is 4 a factor of 1292123?
False
Is 7 a factor of 2950045?
True
Does 70 divide 10425796?
False
Does 30 divide 153409050?
True
Is 54533629 a multiple of 674?
False
Is 52 a factor of 34538067?
False
Is 841 a factor of 379868767?
True
Does 40 divide 1153713680?
True
Does 33 divide 69735020?
False
Is 683 a factor of 78123542?
False
Is 457 a factor of 26247354?
False
Does 459 divide 64246689?
True
Does 53 divide 163924760?
True
Does 20 divide 548079149?
False
Does 484 divide 2309648?
True
Is 3 a factor of 159940870?
False
Does 903 divide 6